r of n and 4?
4
Let z = 6709 - 6159. What is the highest common factor of 176 and z?
22
Let m(i) = -i + 1. Let h be m(-3). Let l(z) = -317*z + 4 + 148*z + 172*z. Let j be l(h). Calculate the highest common divisor of j and 4.
4
Let v be 511/7 - 1*-5. Suppose -3*q + v = 24. Let w = 60 + -54. Calculate the highest common divisor of q and w.
6
Let n = 601 + -583. Suppose -87 = -h - n. What is the highest common factor of 6 and h?
3
Let p = 363 + -318. Let z = 47 - p. Calculate the highest common factor of z and 106.
2
Let t(x) = 11*x + 241. Let u be t(-21). Suppose 29 = 3*n - l, 0 = 3*l - 3 - 0. Calculate the highest common divisor of n and u.
10
Let o(h) = -h**2 + 2*h + 14. Let d be o(0). Let k(y) = -15*y**2 + 158*y + 35. Let w be k(7). Calculate the greatest common divisor of d and w.
14
Suppose -2098*b - 2180 = -2118*b. What is the highest common factor of 18312 and b?
109
Suppose 3*t + 155 = j - 0*t, -5*j + 870 = 4*t. Let x be (5/10 + 2)*4. Calculate the greatest common divisor of x and j.
10
Let o = 51 + 352. Suppose -o*q + 405*q = 10. Calculate the highest common divisor of 3 and q.
1
Let f be ((-7)/(-2))/(5/20 + 0). What is the highest common divisor of f and 49?
7
Let s(p) = 49*p**2 - 17*p + 366. Let m be s(10). What is the highest common factor of m and 104?
104
Let j(z) = 264*z + 18. Let i be j(10). Suppose 0 = -0*s - 6*s + i. Suppose 6*b = -29 + s. What is the greatest common divisor of b and 23?
23
Suppose -108 = 6*u - 8*u. Let f(c) = c + 45. Let a be f(0). Let k = u - a. What is the greatest common divisor of 27 and k?
9
Suppose -2*q = -3*x - 3453, -270*q - 3*x = -266*q - 6843. What is the greatest common factor of q and 231?
33
Suppose 792 = -2*j - 2*j. Let q be (-74)/(-4)*8*j/(-72). Suppose -h = 10*h - q. What is the highest common divisor of 296 and h?
37
Let y(m) = 2*m**3 - 2*m**2 - 4*m + 7. Let d be y(2). Suppose d*j - 931 = 469. Calculate the highest common factor of j and 32.
8
Let s(l) = -l + 37. Let n be s(-3). Let m be n/5*-3*(-8)/12. Calculate the highest common divisor of m and 128.
16
Suppose 73*v - 268576 = 29*v. Calculate the highest common divisor of 112 and v.
56
Suppose 0 = -4*g - 4*y + 156, 1 = -3*y + 10. Let p = 68 - g. Calculate the highest common factor of p and 96.
32
Let m be (8/(-14))/(10/((-840)/759) + 9). Calculate the greatest common divisor of 290 and m.
2
Suppose 4*n = y - 58, 5*n + 17 = 2*y + 8*n. Suppose -5*v = -4*v - 1342. What is the highest common factor of y and v?
22
Let l = 7623 + -7368. Calculate the highest common factor of l and 45.
15
Suppose -d = 20*a - 22*a + 12, 3*d = 6. Let i be (-205)/(-1) - (-2 + 4). Calculate the greatest common divisor of i and a.
7
Suppose 27*l + 80 = 11*l. Let n(a) = -2*a + 20. Let o be n(l). Calculate the highest common factor of 15 and o.
15
Suppose -2*d = -4*u - d + 204, 0 = 5*u - d - 256. Suppose -p - u = -5*p. Suppose p*v = 11*v + 56. What is the greatest common divisor of 42 and v?
14
Let v be (-3*2/18)/(6/2826). Let r = 213 + v. Calculate the greatest common divisor of 112 and r.
56
Let p(i) = 12*i - 31. Let h be p(8). Let d = -79 + 56. Let c = 49 + d. Calculate the greatest common factor of c and h.
13
Suppose 0 = -84*w + 37818 - 5898. What is the greatest common factor of 60 and w?
20
Let y(n) = n + 27. Let j be (-4 + (-5)/(-1))*-10. Let q be y(j). Suppose 2*g - 12 - 22 = 0. What is the highest common divisor of g and q?
17
Suppose 516 = -41*a + 1459. Let r be 12*(1380/(-9))/(-5). What is the highest common divisor of r and a?
23
Let c = -12926 + 18958. Calculate the highest common factor of 624 and c.
208
Let q(y) be the second derivative of 0 + 1/4*y**4 - 3*y**2 + 1/20*y**5 - 11/6*y**3 - 20*y. Let u be q(-4). What is the highest common factor of u and 33?
11
Let k(u) = 12*u**2 + 66*u + 502. Let r be k(-13). Calculate the greatest common divisor of r and 8.
8
Let z(x) = -x**3 + 3*x**2 + x + 3. Let u be z(3). Suppose 5*r - 748 = -u*r. Calculate the highest common divisor of r and 1156.
68
Let k(u) = 150*u**2 - 2*u - 17. Let x be k(-6). Calculate the greatest common factor of x and 249.
83
Let t = 7460 + -7433. Let m be (27 - 4/2) + 2. Calculate the greatest common factor of m and t.
27
Suppose -5*t + 154 = 4*p, -13*p + 3*t = -9*p - 138. Calculate the greatest common factor of 732 and p.
12
Let c = -17 + 23. Suppose 1056 = -2*b + c*b. What is the greatest common factor of 66 and b?
66
Let s(y) = 9*y + 5. Let m be s(4). Let h be (-17 - -11) + (1 - -15). Let x = m - h. Calculate the highest common factor of x and 62.
31
Suppose -h = -4*v - 3*h + 1236, 5*v = -2*h + 1545. Calculate the greatest common divisor of 3 and v.
3
Let x be 4/3*45/10. Suppose 3*m = x*m - 42. Let q(k) = -20*k - 28. Let d be q(-7). Calculate the greatest common divisor of m and d.
14
Let v be 2/(-26)*2 + (-1066)/(-338). Suppose 4*b - 8*b = -v*z + 1092, -b = -2*z + 728. Calculate the greatest common factor of 104 and z.
52
Suppose z - 25 = -3. Let t = 42 - z. Let q = -230 - -390. Calculate the greatest common divisor of t and q.
20
Let w be (987/(-9) - -13)/((-10)/12). Calculate the greatest common divisor of 5162 and w.
58
Let s = -98 + 103. Suppose -3*l = -g - 50 - 62, s*l + 4*g = 198. What is the highest common factor of 95 and l?
19
Let i(d) = -3 + 5*d**2 + 5 - 3. Let f be i(-1). Suppose -f*q + 460 = q. What is the greatest common divisor of 23 and q?
23
Let f(d) = 8*d**2 + 41*d - 211. Let g be f(13). Calculate the greatest common factor of 54 and g.
54
Let i = -18 - -42. Suppose 0 = 4*h + 2*q - 10, q + q + 4 = 3*h. Suppose -h*c + 108 = -84. Calculate the highest common divisor of i and c.
24
Let s(y) = -y**3 + 8*y**2 - 3*y - 11. Let l be s(6). Let m = 127 - -217. Calculate the greatest common factor of l and m.
43
Suppose 171*y = 44170 + 42014. Calculate the highest common factor of y and 1350.
18
Suppose 5*z - 83 = 57. Suppose 0 = 473*d - 4127 - 9117. What is the greatest common divisor of d and z?
28
Let q(h) = -12*h + 18. Let u(y) = 23*y - 41. Let j(w) = -7*q(w) - 3*u(w). Let d be j(5). Let r be 2 - (2 - 8*3). Calculate the highest common factor of d and r.
24
Let i(w) = w**3 - 42*w**2 + 116*w - 96. Let a be i(40). Calculate the highest common factor of a and 560.
112
Suppose -5*g - 2*f - 2025 = 0, -7*f + 4*f + 810 = -2*g. Let u = 549 + g. What is the highest common factor of 54 and u?
18
Let t be (-1 - 0)*(11 + 1). Let b be (-18)/2*4/t. Suppose -1454 = -198*d - 1256. What is the greatest common factor of d and b?
1
Suppose 31*i - 3059 = 4*i + 4*i. What is the highest common divisor of 56 and i?
7
Suppose 0 = 6*d - 4*r - 583 - 9, 0 = -d - 2*r + 112. What is the highest common divisor of 2499 and d?
51
Suppose -26*o + 2633 = -253. Let q = o - 31. What is the greatest common factor of 10 and q?
10
Let v = 6424 - 6418. Suppose 0 = -a + 6*a. Suppose a = 5*o + 5*z - z - 40, -4*o + 68 = -4*z. Calculate the highest common divisor of v and o.
6
Let a be 4/1 - (-89)/((-534)/(-5904)). Calculate the greatest common factor of 6175 and a.
247
Suppose 107*v - 88*v - 28728 = 0. Calculate the greatest common factor of 216 and v.
216
Suppose x - 4*q - 10 - 11 = 0, 5 = -3*x - 5*q. Let i be (0 - x/40*34)*-4. What is the highest common divisor of i and 17?
17
Let k(g) = -3*g**2 + 2*g - 114. Let j(q) = 2*q**2 - q + 57. Let c(m) = 7*j(m) + 4*k(m). Let l be c(9). What is the highest common divisor of 1 and l?
1
Suppose -3*f + 12 - 6 = 0, 11*f + 5078 = 3*m. Calculate the greatest common divisor of 150 and m.
50
Suppose 7*q + 2*f = 3292, 0 = -5*q - 4*f - 746 + 3082. What is the greatest common divisor of q and 8?
8
Let g = -100 - -140. Suppose -5*s + b = 11, -5*s - 3*b + 13 = g. Let o be 33*s/(-6)*(11 + -5). What is the highest common factor of 22 and o?
11
Suppose -y = -3*f - 34, -3*y - 5*f = 12 - 86. Let o be 0 - (2*-23 + -2). Suppose 2*n = 8*n - o. What is the highest common factor of y and n?
4
Suppose -108 = 5*b - 3*l + 13, 4*l - 40 = 2*b. Let w be (6 - b) + -1 - -8. Calculate the highest common divisor of w and 117.
39
Suppose 4*v - 11*v = -1808 - 1286. Calculate the greatest common divisor of v and 323.
17
Suppose 0 = 33*c - 31*c, 3*v - 4*c = 39. Suppose r + 2*r - 4*p - 74 = 0, r = -p + v. What is the greatest common factor of r and 162?
18
Let n be 3*(8/(-3))/4. Let w(t) = 2*t**2 + 4*t + 3. Let